st the prime factors of 247647586.
2, 37, 3346589
List the prime factors of 141526559.
257, 379, 1453
List the prime factors of 114231604.
2, 28557901
List the prime factors of 69710502.
2, 3, 11618417
List the prime factors of 545956471.
545956471
List the prime factors of 100242332.
2, 293, 85531
List the prime factors of 95433529.
17, 5613737
What are the prime factors of 4827204921?
3, 7, 11, 20896991
What are the prime factors of 63871000?
2, 5, 23, 2777
What are the prime factors of 98667090?
2, 3, 5, 173, 6337
What are the prime factors of 192503692?
2, 41, 1173803
List the prime factors of 2115879724.
2, 7, 75567133
List the prime factors of 35451571.
35451571
What are the prime factors of 495975564?
2, 3, 7, 1968157
List the prime factors of 35769378.
2, 3, 43, 138641
What are the prime factors of 355906749?
3, 11, 991, 10883
What are the prime factors of 197244246?
2, 3, 32874041
What are the prime factors of 395962207?
83, 4770629
What are the prime factors of 2785264476?
2, 3, 101, 2298073
What are the prime factors of 2643822043?
4597, 575119
List the prime factors of 6080180.
2, 5, 304009
What are the prime factors of 907015410?
2, 3, 5, 7, 37, 167, 233
List the prime factors of 2258961514.
2, 23, 2719, 18061
What are the prime factors of 501491692?
2, 13, 47, 449, 457
What are the prime factors of 560858699?
7489, 74891
List the prime factors of 136411329.
3, 571, 79633
List the prime factors of 32414720.
2, 5, 13, 487
List the prime factors of 574876034.
2, 359, 800663
List the prime factors of 15672233.
15672233
List the prime factors of 4310000.
2, 5, 431
What are the prime factors of 63157393?
13, 283, 17167
List the prime factors of 3157743260.
2, 5, 7, 3222187
List the prime factors of 772075220.
2, 5, 7, 5514823
List the prime factors of 33535527.
3, 11178509
List the prime factors of 55546617.
3, 7, 269, 9833
List the prime factors of 2088525500.
2, 5, 4177051
What are the prime factors of 116099836?
2, 31, 61, 15349
What are the prime factors of 79778922?
2, 3, 157, 84691
What are the prime factors of 194090067?
3, 2179, 3299
List the prime factors of 32381747.
619, 52313
What are the prime factors of 400927696?
2, 13, 1927537
What are the prime factors of 2746870927?
509, 1307, 4129
What are the prime factors of 96839233?
1361, 71153
List the prime factors of 1250228511.
3, 7, 19844897
What are the prime factors of 61971713?
443, 139891
List the prime factors of 11686784.
2, 91303
What are the prime factors of 3327280910?
2, 5, 16319, 20389
List the prime factors of 50220435.
3, 5, 3348029
List the prime factors of 2735493237.
3, 29, 227, 46171
List the prime factors of 1321246503.
3, 146805167
List the prime factors of 334097932.
2, 7, 73, 149, 1097
What are the prime factors of 589284062?
2, 41, 7186391
What are the prime factors of 89602239?
3, 43, 694591
What are the prime factors of 207102192?
2, 3, 11, 392239
List the prime factors of 23251172.
2, 7, 17, 48847
What are the prime factors of 60028403?
2389, 25127
What are the prime factors of 117894696?
2, 3, 19, 229, 1129
What are the prime factors of 279097623?
3, 7, 37, 107, 373
List the prime factors of 3939975750.
2, 3, 5, 59, 269, 331
What are the prime factors of 304680496?
2, 29, 37, 17747
What are the prime factors of 8009253?
3, 7, 31, 1367
List the prime factors of 942096001.
7, 11, 29, 60271
List the prime factors of 213709025.
5, 89, 139, 691
What are the prime factors of 489723994?
2, 244861997
What are the prime factors of 1699888416?
2, 3, 23, 193, 3989
List the prime factors of 90178102.
2, 7, 37, 107, 1627
What are the prime factors of 485942537?
19, 41, 623803
What are the prime factors of 33850376?
2, 7, 86353
List the prime factors of 23093601.
3, 157, 49031
List the prime factors of 696016307.
7, 79, 137, 9187
List the prime factors of 30980182.
2, 157, 98663
List the prime factors of 50278478.
2, 25139239
What are the prime factors of 909357545?
5, 79, 83, 27737
What are the prime factors of 5999947470?
2, 3, 5, 11, 211, 28723
List the prime factors of 228181954.
2, 7, 11, 13, 293, 389
What are the prime factors of 5650580579?
7, 6791, 16981
What are the prime factors of 396134977?
7, 251, 225461
What are the prime factors of 3117051687?
3, 1039017229
List the prime factors of 1835936640.
2, 3, 5, 29, 379
What are the prime factors of 55254375?
3, 5, 11, 19, 47
List the prime factors of 734775003.
3, 17, 73, 21929
What are the prime factors of 238567571?
11, 491, 44171
What are the prime factors of 977685978?
2, 3, 23, 137, 51713
List the prime factors of 2886776770.
2, 5, 4973, 58049
What are the prime factors of 1318069224?
2, 3, 18306517
What are the prime factors of 43614410?
2, 5, 7, 89009
List the prime factors of 23473743.
3, 43, 181967
What are the prime factors of 204667348?
2, 51166837
What are the prime factors of 100007174?
2, 23, 971, 2239
List the prime factors of 3764310290.
2, 5, 13, 107, 270619
List the prime factors of 1876058.
2, 31, 30259
List the prime factors of 411869865.
3, 5, 11, 61, 151, 271
What are the prime factors of 656751913?
23, 419, 2963
List the prime factors of 114302396.
2, 13, 103, 21341
List the prime factors of 7765771809.
3, 59, 653, 67189
List the prime factors of 94488735.
3, 5, 11, 572659
List the prime factors of 141023300.
2, 5, 11, 128203
List the prime factors of 144756319.
23, 6293753
What are the prime factors of 1248392457?
3, 13, 10670021
What are the prime factors of 31423527?
3, 499, 6997
List the prime factors of 108047359.
7, 17, 29, 131, 239
List the prime factors of 84253046.
2, 47, 421, 2129
What are the prime factors of 618062937?
3, 59, 3491881
List the prime factors of 2761543675.
5, 11, 59, 15473
What are the prime factors of 138856101?
3, 5879, 7873
List the prime factors of 3173812879.
3173812879
List the prime factors of 274141056.
2, 3, 7, 101987
What are the prime factors of 10484720?
2, 5, 131059
What are the prime factors of 1468042109?
1468042109
List the prime factors of 1055575325.
5, 7, 83, 72673
What are the prime factors of 169405586?
2, 7, 599, 20201
What are the prime factors of 27852411?
3, 769, 12073
What are the prime factors of 390288274?
2, 195144137
List the prime factors of 146152852.
2, 36538213
What are the prime factors of 891717691?
113, 7891307
What are the prime factors of 1162096609?
127, 137, 66791
List the prime factors of 15850447.
467, 33941
List the prime factors of 19331979.
3, 67, 96179
What are the prime factors of 23792826?
2, 3, 17, 19, 12277
List the prime factors of 1047606170.
2, 5, 13, 41, 196549
List the prime factors of 60793399.
60793399
What are the prime factors of 364008999?
3, 121336333
What are the prime factors of 330058173?
3, 659, 166949
List the prime factors of 240558961.
191, 199, 6329
What are the prime factors of 69441653?
69441653
List the prime factors of 258018537.
3, 7, 17, 19, 38039
What are the prime factors of 2262096939?
3, 31, 97, 8089
List the prime factors of 2059276024.
2, 13, 19800731
List the prime factors of 140629422.
2, 3, 23438237
List the prime factors of 322729296.
2, 3, 53, 126859
What are the prime factors of 1531145997?
3, 18903037
List the prime factors of 168221104.
2, 157, 167, 401
List the prime factors of 912737781.
3, 647, 52249
What are the prime factors of 1522214143?
859, 1772077
List the prime factors of 437455147.
23, 19019789
What are the prime factors of 58341599?
58341599
What are the prime factors of 2383030685?
5, 7, 68086591
List the prime factors of 807812961.
3, 241, 1117307
List the prime factors of 26303677.
26303677
What are the prime factors of 660886040?
2, 5, 193, 85607
List the prime factors of 25056812.
2, 11, 29, 73, 269
List the prime factors of 165393651.
3, 19, 2901643
What are the prime factors of 1319778042?
2, 3, 11, 23, 869419
What are the prime factors of 9496569?
3, 3165523
List the prime factors of 7649299.
7, 1092757
List the prime factors of 74720988.
2, 3, 337, 2053
What are the prime factors of 268357573?
11, 263, 92761
List the prime factors of 496689183.
3, 55187687
List the prime factors of 91356955.
5, 47, 61, 6373
What are the prime factors of 1347253928?
2, 29, 653, 8893
What are the prime factors of 1079716279?
131, 8242109
List the prime factors 